 when 25651 is divided by 714?
661
What is the remainder when 140073 is divided by 1796?
1781
What is the remainder when 25356335 is divided by 23?
8
Calculate the remainder when 11712220 is divided by 1264.
1260
Calculate the remainder when 520931 is divided by 52047.
461
Calculate the remainder when 1826561 is divided by 1479.
1475
What is the remainder when 2186485 is divided by 514?
443
What is the remainder when 45126814 is divided by 15042269?
7
Calculate the remainder when 10640238 is divided by 72.
6
Calculate the remainder when 775624 is divided by 258459.
247
What is the remainder when 5040060 is divided by 1005?
990
Calculate the remainder when 304277 is divided by 27399.
2888
What is the remainder when 350019 is divided by 116640?
99
What is the remainder when 669728 is divided by 3417?
3413
What is the remainder when 1104877 is divided by 368244?
145
What is the remainder when 14663733 is divided by 91?
84
Calculate the remainder when 2651402 is divided by 2700.
2
Calculate the remainder when 1804369 is divided by 37587.
193
What is the remainder when 20772194 is divided by 83?
33
What is the remainder when 47718 is divided by 23830?
58
Calculate the remainder when 634910 is divided by 28821.
848
What is the remainder when 21743067 is divided by 76?
75
What is the remainder when 1203070 is divided by 30069?
310
What is the remainder when 550 is divided by 240?
70
What is the remainder when 299695 is divided by 108?
103
What is the remainder when 1334109 is divided by 1333541?
568
What is the remainder when 206511 is divided by 51585?
171
Calculate the remainder when 531382 is divided by 1080.
22
Calculate the remainder when 4452 is divided by 2429.
2023
What is the remainder when 3239360 is divided by 637?
215
What is the remainder when 524687 is divided by 34975?
62
Calculate the remainder when 1378927 is divided by 229812.
55
Calculate the remainder when 2081963 is divided by 189268.
15
What is the remainder when 48632266 is divided by 18?
10
What is the remainder when 824128 is divided by 411945?
238
What is the remainder when 365848 is divided by 401?
136
Calculate the remainder when 4651996 is divided by 739.
730
Calculate the remainder when 94849 is divided by 94508.
341
Calculate the remainder when 625417 is divided by 21566.
3
What is the remainder when 14619747 is divided by 2532?
2511
Calculate the remainder when 14954546 is divided by 63.
47
What is the remainder when 354946 is divided by 59150?
46
Calculate the remainder when 558961 is divided by 3751.
62
What is the remainder when 14426447 is divided by 10?
7
Calculate the remainder when 19843509 is divided by 26.
23
Calculate the remainder when 17305 is divided by 17284.
21
Calculate the remainder when 871658 is divided by 30057.
5
What is the remainder when 23529815 is divided by 37?
35
Calculate the remainder when 30946686 is divided by 8.
6
Calculate the remainder when 218251 is divided by 823.
156
Calculate the remainder when 696511 is divided by 1135.
756
Calculate the remainder when 15409 is divided by 15388.
21
Calculate the remainder when 3939899 is divided by 2529.
2246
What is the remainder when 689496546 is divided by 15532?
2
What is the remainder when 22530 is divided by 4357?
745
What is the remainder when 730699 is divided by 90?
79
Calculate the remainder when 37068981 is divided by 69.
42
What is the remainder when 23583255 is divided by 548447?
34
What is the remainder when 56528 is divided by 418?
98
Calculate the remainder when 7579296 is divided by 453.
153
Calculate the remainder when 14134 is divided by 1993.
183
Calculate the remainder when 49904 is divided by 1702.
546
Calculate the remainder when 5715530 is divided by 248500.
30
Calculate the remainder when 77731634 is divided by 6227.
6220
What is the remainder when 8710888 is divided by 167517?
4
What is the remainder when 13630531 is divided by 334?
325
What is the remainder when 1238630 is divided by 543?
47
Calculate the remainder when 95731 is divided by 1569.
22
What is the remainder when 1918238 is divided by 639405?
23
What is the remainder when 23133 is divided by 435?
78
What is the remainder when 822707 is divided by 29382?
11
What is the remainder when 55801601 is divided by 18?
17
Calculate the remainder when 670346 is divided by 67018.
166
What is the remainder when 430457 is divided by 430416?
41
What is the remainder when 2100005188 is divided by 405?
403
Calculate the remainder when 70969398 is divided by 2161.
2158
Calculate the remainder when 3771229 is divided by 942805.
9
Calculate the remainder when 968597 is divided by 138074.
2079
What is the remainder when 75377852 is divided by 267?
14
What is the remainder when 5738558 is divided by 409896?
14
Calculate the remainder when 183666 is divided by 45616.
1202
Calculate the remainder when 43025 is divided by 3391.
2333
What is the remainder when 170257 is divided by 28330?
277
What is the remainder when 55189822 is divided by 382?
372
Calculate the remainder when 64673 is divided by 655.
483
Calculate the remainder when 25670714 is divided by 3115.
3114
What is the remainder when 7454266 is divided by 162?
160
What is the remainder when 817945 is divided by 9748?
8861
Calculate the remainder when 8645401 is divided by 80050.
1
Calculate the remainder when 131926 is divided by 2275.
2251
Calculate the remainder when 315593680 is divided by 301.
297
What is the remainder when 115270 is divided by 306?
214
Calculate the remainder when 7303009 is divided by 2153.
33
Calculate the remainder when 39187182 is divided by 3878.
3870
What is the remainder when 202220060 is divided by 62?
54
Calculate the remainder when 144817 is divided by 20581.
750
Calculate the remainder when 167521065 is divided by 20940133.
1
Calculate the remainder when 3629056 is divided by 785.
1
Calculate the remainder when 141159 is divided by 10857.
18
What is the remainder when 23831956 is divided by 2559?
2548
What is the remainder when 88239 is divided by 2188?
719
Calculate the remainder when 91867 is divided by 4156.
435
What is the remainder when 1194021 is divided by 59694?
141
Calculate the remainder when 12106985 is divided by 417482.
7
Calculate the remainder when 49222879 is divided by 16407623.
10
What is the remainder when 133306 is divided by 66610?
86
What is the remainder when 105617 is divided by 35203?
8
Calculate the remainder when 31726408 is divided by 94.
92
What is the remainder when 98898225 is divided by 46042?
9
Calculate the remainder when 816879 is divided by 85.
29
What is the remainder when 22081 is divided by 2389?
580
Calculate the remainder when 20721445 is divided by 6.
1
Calculate the remainder when 207707 is divided by 541.
504
Calculate the remainder when 71266506 is divided by 49.
24
What is the remainder when 1850505 is divided by 7431?
186
What is the remainder when 355752 is divided by 802?
466
What is the remainder when 2694463 is divided by 506?
13
What is the remainder when 9511875 is divided by 5305?
10
Calculate the remainder when 438033 is divided by 77.
57
Calculate the remainder when 521470 is divided by 4308.
202
Calculate the remainder when 4824597 is divided by 229742.
15
What is the remainder when 28564 is divided by 13095?
2374
Calculate the remainder when 42907847 is divided by 63.
59
Calculate the remainder when 2818846 is divided by 80.
46
Calculate the remainder when 1495920 is divided by 135992.
8
What is the remainder when 899290 is divided by 14498?
414
Calculate the remainder when 106928 is divided by 1917.
1493
What is the remainder when 77630238 is divided by 4710?
18
Calculate the remainder when 1096355 is divided by 919.
907
What is the remainder when 14983 is divided by 13363?
1620
Calculate the remainder when 2276724 is divided by 98988.
0
Calculate the remainder when 188941 is divided by 859.
820
What is the remainder when 24065294 is divided by 129383?
56
What is the remainder when 479572 is divided by 12620?
12
Calculate the remainder when 18782042 is divided by 7003.
6999
What is the remainder when 12754167 is divided by 431?
15
Calculate the remainder when 18172 is divided by 428.
196
Calculate the remainder when 1359661 is divided by 271930.
11
Calculate the remainder when 8